{"id":7,"date":"2016-09-07T08:25:40","date_gmt":"2016-09-07T08:25:40","guid":{"rendered":"http:\/\/veni.tkdvl.com\/?page_id=7"},"modified":"2025-05-07T14:50:44","modified_gmt":"2025-05-07T14:50:44","slug":"ueber-mich","status":"publish","type":"page","link":"https:\/\/frauke-kuhlus.de\/index.php\/ueber-mich\/","title":{"rendered":"\u00dcber mich"},"content":{"rendered":"[et_pb_section admin_label=&#8220;section&#8220;]\n\t\t\t[et_pb_row admin_label=&#8220;row&#8220;]\n\t\t\t\t[et_pb_column type=&#8220;4_4&#8243;][et_pb_text admin_label=&#8220;Text&#8220;]\n<h1 class=\"wp-block-heading\">Kind<\/h1>\n\n\n\n<p>Als Kind des Ruhrgebietes, bin ich, wie so viele, ganz normal und beh\u00fctet aufgewachsen. Geboren 1964, als geburtenst\u00e4rkster Jahrgang in Deutschland, hie\u00df das: Wir sind immer ganz viele. <br>Viele in der Klasse, viele im Sportverein, viele in der Ausbildung und viele im Studium, egal wo! Das trainiert die Anpassung, und die Konkurrenz. <\/p>\n\n\n\n<h2 class=\"wp-block-heading\"><br><strong>Brav und angepasst<\/strong><\/h2>\n\n\n\n<p>So \u201egest\u00e4rkt\u201c ging ich ins Leben und machte eine Ausbildung im medizinischen Bereich. Danach Karriere im Au\u00dfendienst, viel Geld, gro\u00dfes Auto \u2013 super! <\/p>\n\n\n\n<h2 class=\"wp-block-heading\">Entscheidung mit Folgen<\/h2>\n\n\n\n<p>Ich k\u00fcndigte nach ein paar Jahren. Es hat mir einfach keine Freude mehr gemacht. Ich fing eine 3 j\u00e4hrige Ganztages-Ausbildung zur <em><u>Kosmetikerin<\/u><\/em> an. Zum Entsetzen meiner Eltern und vieler Freunde, \u201eWovon willst du leben?\u201c \u2014 Dieser Gegenwind hat mich st\u00e4rker gemacht, mein Motto damals: &#8222;wird schon&#8220;. So ohne Verpflichtungen war das zumindest eine Zeit lang m\u00f6glich.<br><br>Aber irgendwann war das Geld alle, also ging ich zur\u00fcck in die Karriere, diesmal nur in einer anderen Branche, der Beauty Industrie. Und wieder: super Gehalt, super Auto. Ich war wieder da!<\/p>\n\n\n\n<h2 class=\"wp-block-heading\">Kinder<\/h2>\n\n\n\n<p>Dann kamen die Kinder, ich liebe sie, ich bin sehr gerne Mutter, ob ich eine gute Mutter bin? Ich hab\u00b4 immer versucht es so gut zu machen wie es ging. Als &#8222;K\u00fcmmererin&#8220;, inklusive der Klassenpflegschaft f\u00fcr beide. \u201eChefmutter\u201c haben die Kinder mich genannt. Ich kann eben bei Verantwortung schlecht wegschauen. Sie sind jetzt erwachsen, das haben mein Mann und ich gut hinbekommen.<\/p>\n\n\n\n<h2 class=\"wp-block-heading\">Eine Frage, die mich dann besch\u00e4ftigte:<\/h2>\n\n\n\n<p>Wie viel<em><u> echtes<\/u><\/em> <em><u>L\u00e4cheln habe ich im Leben? <\/u><\/em>\u00a0Fragen, die mich immer st\u00e4rker besch\u00e4ftigten, je gr\u00f6\u00dfer und selbstst\u00e4ndiger die Kinder wurden. \u201eWas mache ich jetzt mit dem Rest des Lebens? Was ist meine Aufgabe hier auf der Erde? Wie f\u00fchlt sich ein <em><u>erf\u00fclltes Leben<\/u><\/em> an?\u201c <\/p>\n\n\n\n<p><strong>Ganz sch\u00f6n m\u00e4chtig, solche Gedanken. <\/strong><br><\/p>\n\n\n\n<h2 class=\"wp-block-heading\">Netzwerk<\/h2>\n\n\n\n<p>Ich wurde 50! Ein magisches Alter \u2013 sagen viele. F\u00fcr mich war die Begegnung mit meiner Mentorin Anja, magisch. Sie hat mir eine T\u00fcr ge\u00f6ffnet, die f\u00fcr mich ganz unbekannt war. Die T\u00fcr zum Network Marketing. Ein <em><u>Besonderes<\/u><\/em> Network, wie mir als Kosmetikerin schnell klar wurde. Dort geht es um Vernetzung zum Wohle der Menschen, der Umwelt und zu meinem Wohl. <\/p>\n\n\n\n<h2 class=\"wp-block-heading\"><strong>Klare Entscheidung:<\/strong><\/h2>\n\n\n\n<p><br>Ich wurde Mitmacherin in diesem <em><u>gr\u00fcnen Netzwerk<\/u><\/em>. In kurzer Zeit packte ich auch hier meine Tatkraft aus und hatte schnell ein gro\u00dfes Team und ein gutes Einkommen. <br>Mit 55, auf dem H\u00f6hepunkt meines Network Erfolges fragte ich mich: brauche ich diese Incentive Reisen ans andere Ende der Welt?\u201c \u201eBrauche ich die gro\u00dfe B\u00fchne, den Applaus, die Ehrungen?\u201c \u2014 <br>Wo ist mein Applaus f\u00fcr mich, wo ist meine<em><u> innere B\u00fchne,<\/u><\/em> wo ehre ich mich? Wo l\u00e4chel ich mir selbst zu?<\/p>\n\n\n\n<h2 class=\"wp-block-heading\">Verbindung<\/h2>\n\n\n\n<p>Ich durfte auf meinem Weg lernen, dass wir alle ein Produkt unserer Eltern, Gro\u00dfeltern, Urgro\u00dfeltern etc. sind und damit ihre <em><span style=\"text-decoration: underline;\">Traumata<\/span><\/em> auch in uns tragen. <br>Bei mir ist es ein Bindungs-Trauma, meine Mutter hat echte Bindung als Kind nicht kennenlernen d\u00fcrfen und vielleicht deswegen nicht an mich weitergeben k\u00f6nnen. Sie, als echtes Nachkriegskind, hatte andere Lebensaufgaben, die sie und ihre ganze Generation hervorragend gemeistert haben. Mein Vater hat mir Bindung gezeigt und den Respekt vor jedem Gesch\u00f6pf Gottes beigebracht. F\u00fcr mich ist er zu fr\u00fch aus dem Leben geschieden. <\/p>\n\n\n\n<p>Ich als Krebs geborene, habe mein Lebens-Thema in der <em><span style=\"text-decoration: underline;\">Verwurzelung<\/span><\/em>. Mein Wassermann AC schaut von \u201eoben\u201c auf die Welt und fragt mich, ob ich mich einlassen soll. <\/p>\n\n\n\n<h2 class=\"wp-block-heading\">Und darauf habe ich mich eingelassen: <\/h2>\n\n\n\n<p>Ich brenne daf\u00fcr, die <strong>Menschen mit ihren Ressourcen, mit ihrem Potential zu verbinden<\/strong>, damit sie einen klaren Blick auf sich und die Zukunft haben k\u00f6nnen. Damit schaffe ich Vertrauen und Zuversicht ins Leben. <\/p>\n\n\n\n<p>Ich bin jetzt medizinisch ausgebildete Kosmetikerin, systemischer Coach mit Aufstellungen, Astrologin, Human Design Analystin und Potential Entfaltungs-Coach nach Prof. Dr. Gerald H\u00fcther. <br>Meine Leidenschaft ist die <strong>astrologische Seelenaufstellung<\/strong>, weil sie so viel kl\u00e4rt und aufr\u00e4umt, so dass meine Kunden nach der Aufstellung ein L\u00e4cheln im Gesicht haben. Das ist meine Motivation.<\/p>\n\n\n\n<blockquote class=\"wp-block-quote is-layout-flow wp-block-quote-is-layout-flow\">\n<h2 class=\"wp-block-heading\"><strong>Ich verbinde Menschen mit ihrer Wurzel, ihrer Radix, mit ihrer Astrologie, damit sie ihr volles Potential jetzt entfalten k\u00f6nnen. <\/strong><br><\/h2>\n<\/blockquote>\n\n\n\n<p><br>Wir sind alle aufgefordert, das Leben immer wieder neu zu sch\u00f6pfen, uns den Ver\u00e4nderungen der Welt zu stellen.<em><span style=\"text-decoration: underline;\"> <\/span><\/em><br><em>D<span style=\"text-decoration: underline;\">ie Welle zu reiten!<\/span> <\/em><\/p>\n\n\n\n<p><strong>Menschen, denen das gerade schwer f\u00e4llt, kommen zu mir.<\/strong><\/p>\n\n\n\n<h2 class=\"wp-block-heading\">Erfahre mehr \u00fcber mich in diesem Video:<\/h2>\n\n\n\n<figure class=\"wp-block-embed is-type-wp-embed is-provider-frauke-kuhlus wp-block-embed-frauke-kuhlus\"><div class=\"wp-block-embed__wrapper\">\n<blockquote class=\"wp-embedded-content\" data-secret=\"OZtpFIQhy0\"><a href=\"https:\/\/frauke-kuhlus.de\/index.php\/2024\/02\/06\/__trashed\/\">Verbindung und Klarheit sind meine Themen<\/a><\/blockquote><iframe loading=\"lazy\" class=\"wp-embedded-content\" sandbox=\"allow-scripts\" security=\"restricted\" style=\"position: absolute; visibility: hidden;\" title=\"&#8222;Verbindung und Klarheit sind meine Themen&#8220; &#8212; Frauke Kuhlus\" src=\"https:\/\/frauke-kuhlus.de\/index.php\/2024\/02\/06\/__trashed\/embed\/#?secret=yN9o7CJqJd#?secret=OZtpFIQhy0\" data-secret=\"OZtpFIQhy0\" width=\"600\" height=\"338\" frameborder=\"0\" marginwidth=\"0\" marginheight=\"0\" scrolling=\"no\"><\/iframe>\n<\/div><\/figure>\n\n\n\n<h2 class=\"wp-block-heading\">So lernen wir uns kennen<\/h2>\n\n\n\n<p>Ich unterst\u00fctze dich gerne. <\/p>\n\n\n\n<div class=\"wp-block-group has-background\" style=\"background:linear-gradient(135deg,rgb(238,238,238) 76%,rgb(169,184,195) 100%)\"><div class=\"wp-block-group__inner-container is-layout-constrained wp-block-group-is-layout-constrained\">\n<div class=\"wp-block-media-text is-stacked-on-mobile is-image-fill-element has-black-color has-text-color has-background has-link-color wp-elements-669f7b7c3190eb1c03912ef2de97d87a\" style=\"background:linear-gradient(135deg,rgb(255,255,255) 0%,rgb(225,225,225) 100%)\"><figure class=\"wp-block-media-text__media\"><img data-recalc-dims=\"1\" loading=\"lazy\" decoding=\"async\" width=\"860\" height=\"574\" src=\"https:\/\/i0.wp.com\/frauke-kuhlus.de\/wp-content\/uploads\/2023\/02\/DSC0761.jpg?resize=860%2C574&#038;ssl=1\" alt=\"\" class=\"wp-image-1958 size-full\" style=\"object-position:50% 22%\" srcset=\"https:\/\/i0.wp.com\/frauke-kuhlus.de\/wp-content\/uploads\/2023\/02\/DSC0761.jpg?resize=1024%2C683&amp;ssl=1 1024w, https:\/\/i0.wp.com\/frauke-kuhlus.de\/wp-content\/uploads\/2023\/02\/DSC0761.jpg?resize=300%2C200&amp;ssl=1 300w, https:\/\/i0.wp.com\/frauke-kuhlus.de\/wp-content\/uploads\/2023\/02\/DSC0761.jpg?resize=768%2C512&amp;ssl=1 768w, https:\/\/i0.wp.com\/frauke-kuhlus.de\/wp-content\/uploads\/2023\/02\/DSC0761.jpg?resize=1536%2C1025&amp;ssl=1 1536w, https:\/\/i0.wp.com\/frauke-kuhlus.de\/wp-content\/uploads\/2023\/02\/DSC0761.jpg?resize=1080%2C721&amp;ssl=1 1080w, https:\/\/i0.wp.com\/frauke-kuhlus.de\/wp-content\/uploads\/2023\/02\/DSC0761.jpg?resize=1100%2C734&amp;ssl=1 1100w, https:\/\/i0.wp.com\/frauke-kuhlus.de\/wp-content\/uploads\/2023\/02\/DSC0761.jpg?resize=800%2C534&amp;ssl=1 800w, https:\/\/i0.wp.com\/frauke-kuhlus.de\/wp-content\/uploads\/2023\/02\/DSC0761.jpg?resize=165%2C110&amp;ssl=1 165w, https:\/\/i0.wp.com\/frauke-kuhlus.de\/wp-content\/uploads\/2023\/02\/DSC0761.jpg?resize=330%2C220&amp;ssl=1 330w, https:\/\/i0.wp.com\/frauke-kuhlus.de\/wp-content\/uploads\/2023\/02\/DSC0761.jpg?w=1800&amp;ssl=1 1800w, https:\/\/i0.wp.com\/frauke-kuhlus.de\/wp-content\/uploads\/2023\/02\/DSC0761.jpg?w=1720&amp;ssl=1 1720w\" sizes=\"auto, (max-width: 860px) 100vw, 860px\" \/><\/figure><div class=\"wp-block-media-text__content\">\n<p>M\u00f6chtest du mit mir arbeiten? Meine Zeit kostet 70\u20ac pro Stunde.<\/p>\n\n\n\n<div class=\"wp-block-buttons is-layout-flex wp-block-buttons-is-layout-flex\">\n<div class=\"wp-block-button has-custom-width wp-block-button__width-100 has-custom-font-size has-small-font-size\"><a class=\"wp-block-button__link has-white-color has-text-color has-background has-link-color wp-element-button\" style=\"border-radius:0px;background-color:#000000cc\">Jetzt Kontakt aufnehmen<\/a><\/div>\n<\/div>\n<\/div><\/div>\n<\/div><\/div>\n[\/et_pb_text][\/et_pb_column]\n\t\t\t[\/et_pb_row]\n\t\t[\/et_pb_section]","protected":false},"excerpt":{"rendered":"<p>Zum zweiten Saturn Return 2023 erfand ich mich, zum dritten Mal in meinem Leben, neu.<br \/>\nLest selbst, wer ich heute bin und wie ich meine Mission lebe. <\/p>\n<a class=\"read-more-link\" href=\" https:\/\/frauke-kuhlus.de\/index.php\/ueber-mich\/ \">Read More<\/a>","protected":false},"author":1,"featured_media":2046,"parent":0,"menu_order":0,"comment_status":"closed","ping_status":"closed","template":"","meta":{"_acf_changed":false,"_et_pb_use_builder":"on","_et_pb_old_content":"<!-- wp:heading {\"level\":1} -->\n<h1 class=\"wp-block-heading\">Kind<\/h1>\n<!-- \/wp:heading -->\n\n<!-- wp:paragraph -->\n<p>Als Kind des Ruhrgebietes, bin ich, wie so viele, ganz normal und beh\u00fctet aufgewachsen. Geboren 1964, als geburtenst\u00e4rkster Jahrgang in Deutschland, hie\u00df das: Wir sind immer ganz viele. <br>Viele in der Klasse, viele im Sportverein, viele in der Ausbildung und viele im Studium, egal wo! Das trainiert die Anpassung, und die Konkurrenz. <\/p>\n<!-- \/wp:paragraph -->\n\n<!-- wp:heading -->\n<h2 class=\"wp-block-heading\"><br><strong>Brav und angepasst<\/strong><\/h2>\n<!-- \/wp:heading -->\n\n<!-- wp:paragraph -->\n<p>So \u201egest\u00e4rkt\u201c ging ich ins Leben und machte eine Ausbildung im medizinischen Bereich. Danach Karriere im Au\u00dfendienst, viel Geld, gro\u00dfes Auto \u2013 super! <\/p>\n<!-- \/wp:paragraph -->\n\n<!-- wp:heading -->\n<h2 class=\"wp-block-heading\">Entscheidung mit Folgen<\/h2>\n<!-- \/wp:heading -->\n\n<!-- wp:paragraph -->\n<p>Ich k\u00fcndigte nach ein paar Jahren. Es hat mir einfach keine Freude mehr gemacht. Ich fing eine 3 j\u00e4hrige Ganztages-Ausbildung zur <em><u>Kosmetikerin<\/u><\/em> an. Zum Entsetzen meiner Eltern und vieler Freunde, \u201eWovon willst du leben?\u201c \u2014 Dieser Gegenwind hat mich st\u00e4rker gemacht, mein Motto damals: \"wird schon\". So ohne Verpflichtungen war das zumindest eine Zeit lang m\u00f6glich.<br><br>Aber irgendwann war das Geld alle, also ging ich zur\u00fcck in die Karriere, diesmal nur in einer anderen Branche, der Beauty Industrie. Und wieder: super Gehalt, super Auto. Ich war wieder da!<\/p>\n<!-- \/wp:paragraph -->\n\n<!-- wp:heading -->\n<h2 class=\"wp-block-heading\">Kinder<\/h2>\n<!-- \/wp:heading -->\n\n<!-- wp:paragraph -->\n<p>Dann kamen die Kinder, ich liebe sie, ich bin sehr gerne Mutter, ob ich eine gute Mutter bin? Ich hab\u00b4 immer versucht es so gut zu machen wie es ging. Als \"K\u00fcmmererin\", inklusive der Klassenpflegschaft f\u00fcr beide. \u201eChefmutter\u201c haben die Kinder mich genannt. Ich kann eben bei Verantwortung schlecht wegschauen. Sie sind jetzt erwachsen, das haben mein Mann und ich gut hinbekommen.<\/p>\n<!-- \/wp:paragraph -->\n\n<!-- wp:heading -->\n<h2 class=\"wp-block-heading\">Eine Frage, die mich dann besch\u00e4ftigte:<\/h2>\n<!-- \/wp:heading -->\n\n<!-- wp:paragraph -->\n<p>Wie viel<em><u> echtes<\/u><\/em> <em><u>L\u00e4cheln habe ich im Leben? <\/u><\/em>\u00a0Fragen, die mich immer st\u00e4rker besch\u00e4ftigten, je gr\u00f6\u00dfer und selbstst\u00e4ndiger die Kinder wurden. \u201eWas mache ich jetzt mit dem Rest des Lebens? Was ist meine Aufgabe hier auf der Erde? Wie f\u00fchlt sich ein <em><u>erf\u00fclltes Leben<\/u><\/em> an?\u201c <\/p>\n<!-- \/wp:paragraph -->\n\n<!-- wp:paragraph -->\n<p><strong>Ganz sch\u00f6n m\u00e4chtig, solche Gedanken. <\/strong><br><\/p>\n<!-- \/wp:paragraph -->\n\n<!-- wp:heading -->\n<h2 class=\"wp-block-heading\">Netzwerk<\/h2>\n<!-- \/wp:heading -->\n\n<!-- wp:paragraph -->\n<p>Ich wurde 50! Ein magisches Alter \u2013 sagen viele. F\u00fcr mich war die Begegnung mit meiner Mentorin Anja, magisch. Sie hat mir eine T\u00fcr ge\u00f6ffnet, die f\u00fcr mich ganz unbekannt war. Die T\u00fcr zum Network Marketing. Ein <em><u>Besonderes<\/u><\/em> Network, wie mir als Kosmetikerin schnell klar wurde. Dort geht es um Vernetzung zum Wohle der Menschen, der Umwelt und zu meinem Wohl. <\/p>\n<!-- \/wp:paragraph -->\n\n<!-- wp:heading -->\n<h2 class=\"wp-block-heading\"><strong>Klare Entscheidung:<\/strong><\/h2>\n<!-- \/wp:heading -->\n\n<!-- wp:paragraph -->\n<p><br>Ich wurde Mitmacherin in diesem <em><u>gr\u00fcnen Netzwerk<\/u><\/em>. In kurzer Zeit packte ich auch hier meine Tatkraft aus und hatte schnell ein gro\u00dfes Team und ein gutes Einkommen. <br>Mit 55, auf dem H\u00f6hepunkt meines Network Erfolges fragte ich mich: brauche ich diese Incentive Reisen ans andere Ende der Welt?\u201c \u201eBrauche ich die gro\u00dfe B\u00fchne, den Applaus, die Ehrungen?\u201c \u2014 <br>Wo ist mein Applaus f\u00fcr mich, wo ist meine<em><u> innere B\u00fchne,<\/u><\/em> wo ehre ich mich? Wo l\u00e4chel ich mir selbst zu?<\/p>\n<!-- \/wp:paragraph -->\n\n<!-- wp:heading -->\n<h2 class=\"wp-block-heading\">Verbindung<\/h2>\n<!-- \/wp:heading -->\n\n<!-- wp:paragraph -->\n<p>Ich durfte auf meinem Weg lernen, dass wir alle ein Produkt unserer Eltern, Gro\u00dfeltern, Urgro\u00dfeltern etc. sind und damit ihre <em><span style=\"text-decoration: underline;\">Traumata<\/span><\/em> auch in uns tragen. <br>Bei mir ist es ein Bindungs-Trauma, meine Mutter hat echte Bindung als Kind nicht kennenlernen d\u00fcrfen und vielleicht deswegen nicht an mich weitergeben k\u00f6nnen. Sie, als echtes Nachkriegskind, hatte andere Lebensaufgaben, die sie und ihre ganze Generation hervorragend gemeistert haben. Mein Vater hat mir Bindung gezeigt und den Respekt vor jedem Gesch\u00f6pf Gottes beigebracht. F\u00fcr mich ist er zu fr\u00fch aus dem Leben geschieden. <\/p>\n<!-- \/wp:paragraph -->\n\n<!-- wp:paragraph -->\n<p>Ich als Krebs geborene, habe mein Lebens-Thema in der <em><span style=\"text-decoration: underline;\">Verwurzelung<\/span><\/em>. Mein Wassermann AC schaut von \u201eoben\u201c auf die Welt und fragt mich, ob ich mich einlassen soll. <\/p>\n<!-- \/wp:paragraph -->\n\n<!-- wp:heading -->\n<h2 class=\"wp-block-heading\">Und darauf habe ich mich eingelassen: <\/h2>\n<!-- \/wp:heading -->\n\n<!-- wp:paragraph -->\n<p>Ich brenne daf\u00fcr, die <strong>Menschen mit ihren Ressourcen, mit ihrem Potential zu verbinden<\/strong>, damit sie einen klaren Blick auf sich und die Zukunft haben k\u00f6nnen. Damit schaffe ich Vertrauen und Zuversicht ins Leben. <\/p>\n<!-- \/wp:paragraph -->\n\n<!-- wp:paragraph -->\n<p>Ich bin jetzt medizinisch ausgebildete Kosmetikerin, systemischer Coach mit Aufstellungen, Astrologin, Human Design Analystin und Potential Entfaltungs-Coach nach Prof. Dr. Gerald H\u00fcther. <br>Meine Leidenschaft ist die <strong>astrologische Seelenaufstellung<\/strong>, weil sie so viel kl\u00e4rt und aufr\u00e4umt, so dass meine Kunden nach der Aufstellung ein L\u00e4cheln im Gesicht haben. Das ist meine Motivation.<\/p>\n<!-- \/wp:paragraph -->\n\n<!-- wp:quote -->\n<blockquote class=\"wp-block-quote\"><!-- wp:heading -->\n<h2 class=\"wp-block-heading\"><strong>Ich verbinde Menschen mit ihrer Wurzel, ihrer Radix, mit ihrer Astrologie, damit sie ihr volles Potential jetzt entfalten k\u00f6nnen. <\/strong><br><\/h2>\n<!-- \/wp:heading --><\/blockquote>\n<!-- \/wp:quote -->\n\n<!-- wp:paragraph -->\n<p><br>Wir sind alle aufgefordert, das Leben immer wieder neu zu sch\u00f6pfen, uns den Ver\u00e4nderungen der Welt zu stellen.<em><span style=\"text-decoration: underline;\"> <\/span><\/em><br><em>D<span style=\"text-decoration: underline;\">ie Welle zu reiten!<\/span> <\/em><\/p>\n<!-- \/wp:paragraph -->\n\n<!-- wp:paragraph -->\n<p><strong>Menschen, denen das gerade schwer f\u00e4llt, kommen zu mir.<\/strong><\/p>\n<!-- \/wp:paragraph -->\n\n<!-- wp:heading -->\n<h2 class=\"wp-block-heading\">Erfahre mehr \u00fcber mich in diesem Video:<\/h2>\n<!-- \/wp:heading -->\n\n<!-- wp:embed {\"url\":\"https:\/\/frauke-kuhlus.de\/index.php\/2024\/02\/06\/__trashed\/\",\"type\":\"wp-embed\",\"providerNameSlug\":\"frauke-kuhlus\"} -->\n<figure class=\"wp-block-embed is-type-wp-embed is-provider-frauke-kuhlus wp-block-embed-frauke-kuhlus\"><div class=\"wp-block-embed__wrapper\">\nhttps:\/\/frauke-kuhlus.de\/index.php\/2024\/02\/06\/__trashed\/\n<\/div><\/figure>\n<!-- \/wp:embed -->\n\n<!-- wp:heading -->\n<h2 class=\"wp-block-heading\">So lernen wir uns kennen<\/h2>\n<!-- \/wp:heading -->\n\n<!-- wp:paragraph -->\n<p>Ich unterst\u00fctze dich gerne. <\/p>\n<!-- \/wp:paragraph -->\n\n<!-- wp:group {\"style\":{\"color\":{\"gradient\":\"linear-gradient(135deg,rgb(238,238,238) 76%,rgb(169,184,195) 100%)\"}},\"layout\":{\"type\":\"constrained\"}} -->\n<div class=\"wp-block-group has-background\" style=\"background:linear-gradient(135deg,rgb(238,238,238) 76%,rgb(169,184,195) 100%)\"><!-- wp:media-text {\"mediaId\":1958,\"mediaLink\":\"https:\/\/frauke-kuhlus.de\/index.php\/2023\/02\/19\/werte-die-sich-aendern\/dsc0761-2\/\",\"mediaType\":\"image\",\"imageFill\":true,\"focalPoint\":{\"x\":0.5,\"y\":0.22},\"style\":{\"elements\":{\"link\":{\"color\":{\"text\":\"var:preset|color|black\"}}},\"color\":{\"gradient\":\"linear-gradient(135deg,rgb(255,255,255) 0%,rgb(225,225,225) 100%)\"}},\"textColor\":\"black\"} -->\n<div class=\"wp-block-media-text is-stacked-on-mobile is-image-fill-element has-black-color has-text-color has-background has-link-color\" style=\"background:linear-gradient(135deg,rgb(255,255,255) 0%,rgb(225,225,225) 100%)\"><figure class=\"wp-block-media-text__media\"><img src=\"https:\/\/frauke-kuhlus.de\/wp-content\/uploads\/2023\/02\/DSC0761-1024x683.jpg\" alt=\"\" class=\"wp-image-1958 size-full\" style=\"object-position:50% 22%\"\/><\/figure><div class=\"wp-block-media-text__content\"><!-- wp:paragraph {\"placeholder\":\"Inhalt\u2026\"} -->\n<p>M\u00f6chtest du mit mir arbeiten? Meine Zeit kostet 70\u20ac pro Stunde.<\/p>\n<!-- \/wp:paragraph -->\n\n<!-- wp:buttons -->\n<div class=\"wp-block-buttons\"><!-- wp:button {\"textColor\":\"white\",\"width\":100,\"style\":{\"border\":{\"radius\":\"0px\"},\"elements\":{\"link\":{\"color\":{\"text\":\"var:preset|color|white\"}}},\"color\":{\"background\":\"#000000cc\"}},\"fontSize\":\"small\"} -->\n<div class=\"wp-block-button has-custom-width wp-block-button__width-100 has-custom-font-size has-small-font-size\"><a class=\"wp-block-button__link has-white-color has-text-color has-background has-link-color wp-element-button\" style=\"border-radius:0px;background-color:#000000cc\">Jetzt Kontakt aufnehmen<\/a><\/div>\n<!-- \/wp:button --><\/div>\n<!-- \/wp:buttons --><\/div><\/div>\n<!-- \/wp:media-text --><\/div>\n<!-- \/wp:group -->","_et_gb_content_width":"","inline_featured_image":false,"jetpack_post_was_ever_published":false,"footnotes":""},"class_list":["post-7","page","type-page","status-publish","has-post-thumbnail","hentry"],"acf":[],"jetpack_sharing_enabled":true,"_links":{"self":[{"href":"https:\/\/frauke-kuhlus.de\/index.php\/wp-json\/wp\/v2\/pages\/7","targetHints":{"allow":["GET"]}}],"collection":[{"href":"https:\/\/frauke-kuhlus.de\/index.php\/wp-json\/wp\/v2\/pages"}],"about":[{"href":"https:\/\/frauke-kuhlus.de\/index.php\/wp-json\/wp\/v2\/types\/page"}],"author":[{"embeddable":true,"href":"https:\/\/frauke-kuhlus.de\/index.php\/wp-json\/wp\/v2\/users\/1"}],"replies":[{"embeddable":true,"href":"https:\/\/frauke-kuhlus.de\/index.php\/wp-json\/wp\/v2\/comments?post=7"}],"version-history":[{"count":51,"href":"https:\/\/frauke-kuhlus.de\/index.php\/wp-json\/wp\/v2\/pages\/7\/revisions"}],"predecessor-version":[{"id":2611,"href":"https:\/\/frauke-kuhlus.de\/index.php\/wp-json\/wp\/v2\/pages\/7\/revisions\/2611"}],"wp:featuredmedia":[{"embeddable":true,"href":"https:\/\/frauke-kuhlus.de\/index.php\/wp-json\/wp\/v2\/media\/2046"}],"wp:attachment":[{"href":"https:\/\/frauke-kuhlus.de\/index.php\/wp-json\/wp\/v2\/media?parent=7"}],"curies":[{"name":"wp","href":"https:\/\/api.w.org\/{rel}","templated":true}]}}