{"id":1546,"date":"2022-04-20T09:32:00","date_gmt":"2022-04-20T09:32:00","guid":{"rendered":"https:\/\/frauke-kuhlus.de\/?page_id=1546"},"modified":"2026-03-09T12:55:15","modified_gmt":"2026-03-09T12:55:15","slug":"persoenliches-gespraech","status":"publish","type":"page","link":"https:\/\/frauke-kuhlus.de\/index.php\/persoenliches-gespraech\/","title":{"rendered":"ANERKENNEN &amp; VER\u00c4NDERN"},"content":{"rendered":"<p>[et_pb_section fb_built=&#8220;1&#8243; _builder_version=&#8220;3.22&#8243; min_height=&#8220;2010.5px&#8220; custom_margin=&#8220;2px|||||&#8220; global_colors_info=&#8220;{}&#8220;][et_pb_row _builder_version=&#8220;3.25&#8243; background_size=&#8220;initial&#8220; background_position=&#8220;top_left&#8220; background_repeat=&#8220;repeat&#8220; custom_margin=&#8220;1px|auto|-22px|auto||&#8220; global_colors_info=&#8220;{}&#8220;][et_pb_column type=&#8220;4_4&#8243; _builder_version=&#8220;3.25&#8243; custom_padding=&#8220;|||&#8220; global_colors_info=&#8220;{}&#8220; custom_padding__hover=&#8220;|||&#8220;][et_pb_text disabled_on=&#8220;off|off|on&#8220; _builder_version=&#8220;4.14.9&#8243; _module_preset=&#8220;default&#8220; header_font_size=&#8220;40px&#8220; background_color=&#8220;#FFFFFF&#8220; custom_margin=&#8220;-97px||-1px||false|false&#8220; custom_margin_tablet=&#8220;-255px||0px||false|false&#8220; custom_margin_phone=&#8220;-245px||||false|false&#8220; custom_margin_last_edited=&#8220;on|tablet&#8220; custom_padding=&#8220;||50px||false|false&#8220; header_font_size_tablet=&#8220;55px&#8220; header_font_size_phone=&#8220;45px&#8220; header_font_size_last_edited=&#8220;on|tablet&#8220; global_colors_info=&#8220;{}&#8220;]<\/p>\n<h2><strong>Manche Ver\u00e4nderungen entstehen nicht durch Erkenntnis allein.<br \/>\nSie brauchen Zeit, Erfahrung und bewusste Entscheidung.<\/strong><\/h2>\n<p>[\/et_pb_text][et_pb_image src=&#8220;https:\/\/frauke-kuhlus.de\/wp-content\/uploads\/2022\/04\/DSC0850.jpg&#8220; title_text=&#8220;_DSC0850&#8243; _builder_version=&#8220;4.14.9&#8243; _module_preset=&#8220;default&#8220; global_colors_info=&#8220;{}&#8220;][\/et_pb_image][et_pb_text _builder_version=&#8220;4.14.9&#8243; background_size=&#8220;initial&#8220; background_position=&#8220;top_left&#8220; background_repeat=&#8220;repeat&#8220; custom_padding=&#8220;|||30px||&#8220; inline_fonts=&#8220;Cutive Mono&#8220; global_colors_info=&#8220;{}&#8220;]<\/p>\n<p><!-- divi:image {\"id\":1537,\"sizeSlug\":\"large\",\"linkDestination\":\"none\"} --><\/p>\n<p><strong>Dieser Prozess bietet dir einen verbindlichen Rahmen \u00fcber mehrere Wochen,<br \/>\nin dem innere Ver\u00e4nderungen nicht nur verstanden,<br \/>\nsondern schrittweise gelebt werden k\u00f6nnen.<\/strong><\/p>\n<p><strong>Ver\u00e4nderung beginnt mit dem ehrlichen Anerkennen dessen, was ist.<br \/>\nErst daraus entsteht Bewegung, die tr\u00e4gt.<\/strong><\/p>\n<p><strong>Zwischen den Sitzungen erh\u00e4ltst du gezielte \u00dcbungen und Reflexionsimpulse,<br \/>\num neue Haltungen im eigenen Erleben wahrzunehmen<br \/>\nund im Alltag bewusst zu erproben.<\/strong><\/p>\n<p><strong>Ich arbeite mit systemischem Blick<br \/>\nund nutze Astrologie als Instrument, um gr\u00f6\u00dfere Zusammenh\u00e4nge und Lebensbewegungen sichtbar zu machen.<\/strong><\/p>\n<p><strong>Als \u00dcbersetzerin von Lebenszyklen ordne ich nicht nur ein,<br \/>\nsondern begleite dich \u00fcber mehrere Wochen in einem klaren Prozess,<br \/>\nin dem du deine Lebensphase bewusst gestalten<br \/>\nund eine stimmige Neuausrichtung entwickeln kannst.<\/strong><\/p>\n<p><strong>Wir nehmen wahr, was sich zeigt,<br \/>\nordnen deine Erfahrungen ein<br \/>\nund lassen Ver\u00e4nderung Schritt f\u00fcr Schritt entstehen.<\/strong><\/p>\n<p><strong>Der Prozess umfasst drei Sitzungen innerhalb von 6\u20138 Wochen<br \/>\nund schafft Raum f\u00fcr bewusste, tragf\u00e4hige Ver\u00e4nderung \u2013<br \/>\ninnen, damit sie au\u00dfen wirksam werden kann.<\/strong><\/p>\n<p><strong>Optional erh\u00e4ltst du eine Aufzeichnung der Gespr\u00e4che.<br \/>\nIm Anschluss erh\u00e4ltst du eine schriftliche Zusammenfassung der zentralen Entwicklungen und Impulse aus dem Prozess.<\/strong><\/p>\n<p><!-- \/divi:paragraph --><\/p>\n<p>[\/et_pb_text][et_pb_image src=&#8220;https:\/\/frauke-kuhlus.de\/wp-content\/uploads\/2025\/01\/Astrologische-Aufstellung-2.jpg&#8220; title_text=&#8220;Astrologische Aufstellung 2&#8243; _builder_version=&#8220;4.9.3&#8243; _module_preset=&#8220;default&#8220; transform_scale=&#8220;106%|106%&#8220; transform_origin=&#8220;-4%|22%&#8220; width=&#8220;100%&#8220; max_width=&#8220;100%&#8220; module_alignment=&#8220;center&#8220; min_height=&#8220;1000px&#8220; height=&#8220;1001px&#8220;][\/et_pb_image][et_pb_text _builder_version=&#8220;4.14.9&#8243; background_size=&#8220;initial&#8220; background_position=&#8220;top_left&#8220; background_repeat=&#8220;repeat&#8220; global_colors_info=&#8220;{}&#8220;]<\/p>\n<p><!-- divi:image {\"id\":1537,\"sizeSlug\":\"large\",\"linkDestination\":\"none\"} --><\/p>\n<h5 style=\"text-align: center;\"><strong>Meine Arbeit mir dir ist 100% RESSOURCEN orientiert. Sie gibt ST\u00c4RKE, MUT und ZUVERSICHT in dein Leben. Deine Seelenanteile bekommen eine Stimme und ihr POTENTIAL zur\u00fcck.\u00a0<\/strong><\/h5>\n<h5 style=\"text-align: center;\"><strong>Dabei bist und bleibst du in der absoluten EIGENVERANTWORTUNG, f\u00fcr ein selbst bestimmtes, sinnhaftes und erfolgreiches LEBEN.<\/strong><\/h5>\n<p><!-- \/divi:paragraph --><\/p>\n<p>[\/et_pb_text][et_pb_accordion _builder_version=&#8220;4.14.9&#8243; _module_preset=&#8220;default&#8220; global_colors_info=&#8220;{}&#8220;][et_pb_accordion_item title=&#8220;Was ist meine Lebensaufgabe &amp; ist sie von au\u00dfen sichtbar?&#8220; open=&#8220;on&#8220; _builder_version=&#8220;4.14.9&#8243; _module_preset=&#8220;default&#8220; global_colors_info=&#8220;{}&#8220;]<\/p>\n<p>Deine Lebensaufgabe, dein innerer Ruf, ist in deinem <strong>HOROSKOP<\/strong>, deiner Radix (lat.=Wurzel) sichtbar. Alle Planeten, die zu deinem Geburtszeitpunkt an individuellen Punkten in deiner Radix standen, tragen <strong>BOTSCHAFTEN<\/strong> f\u00fcr dich. Sie befinden sich dort, damit du dein Leben bestm\u00f6glich gestalten kannst und deine Aufgaben erf\u00fcllen kannst.<\/p>\n<p>Je nach Lebensphase werden die Botschaften &#8222;freigeschaltet&#8220; und stehen dir zur Verf\u00fcgung. Das sind deine momentanen Ressourcen. Sie zu kennen verschafft dir <strong>KLARHEIT<\/strong>, <strong>KRAFT<\/strong> und <strong>VERTRAUEN<\/strong>. Du kannst dich endlich <strong>ENTSPANNEN<\/strong>.<\/p>\n<p>[\/et_pb_accordion_item][et_pb_accordion_item title=&#8220;Was ist meine Aufgabe hier im Leben? Was erf\u00fcllt mich mit Stolz auf mich? Wobei l\u00e4chel ich mir selbst zu und was bin ich mir wert?&#8220; _builder_version=&#8220;4.14.9&#8243; _module_preset=&#8220;default&#8220; global_colors_info=&#8220;{}&#8220; open=&#8220;off&#8220;]<\/p>\n<p>[\/et_pb_accordion_item][\/et_pb_accordion][et_pb_text _builder_version=&#8220;4.14.9&#8243; _module_preset=&#8220;default&#8220; global_colors_info=&#8220;{}&#8220;]<\/p>\n<h4><\/h4>\n<h4 style=\"outline: none;\"><strong>So ist der ABLAUF.<\/strong><\/h4>\n<p><strong>ONLINE<\/strong> oder <strong>PERS\u00d6NLICH:<\/strong>\u00a0deine Entscheidung.<\/p>\n<p>Ich kenne dein <strong>ANLIEGEN<\/strong>, dein Geburtsdatum, Uhrzeit und Geburtsort und wir haben telefoniert.<br \/>\nIch schaue mir dein <strong>Geburtshoroskop in Bezug auf dein Anliegen<\/strong> genau an.<\/p>\n<p>Unsere Arbeit findet in einem <strong>gesch\u00fctzten Raum stat<\/strong>t, alles was gesagt wird, bleibt unter uns. Wenn wir uns virtuell treffen, ist dein Zoom Raum in deiner Verantwortung.<br \/>\nAstrologische Vorkenntnisse sind hierbei \u00fcberhaupt nicht wichtig.<\/p>\n<p>Habe <strong>VERTRAUEN<\/strong> in den Prozess und in dich!<\/p>\n<p style=\"outline: none;\">Um einen <strong>TERMIN<\/strong> zu vereinbaren, klicke bitte unten auf den <strong>BUTTON<\/strong> und f\u00fclle den Fragebogen aus. Ich melde mich bei dir f\u00fcr ein Telefonat.<\/p>\n<p style=\"outline: none;\">[\/et_pb_text][\/et_pb_column][\/et_pb_row][\/et_pb_section][et_pb_section fb_built=&#8220;1&#8243; _builder_version=&#8220;4.14.9&#8243; _module_preset=&#8220;default&#8220; custom_padding=&#8220;||0px|||&#8220; global_colors_info=&#8220;{}&#8220;][et_pb_row _builder_version=&#8220;4.14.9&#8243; _dynamic_attributes=&#8220;link_option_url&#8220; _module_preset=&#8220;default&#8220; custom_margin=&#8220;-28px|auto|-5px|auto||&#8220; custom_padding=&#8220;||13px|||&#8220; link_option_url=&#8220;@ET-DC@eyJkeW5hbWljIjp0cnVlLCJjb250ZW50IjoicG9zdF9saW5rX3VybF9wYWdlIiwic2V0dGluZ3MiOnsicG9zdF9pZCI6IjE2MDcifX0=@&#8220; global_colors_info=&#8220;{}&#8220;][et_pb_column type=&#8220;4_4&#8243; _builder_version=&#8220;4.14.9&#8243; _module_preset=&#8220;default&#8220; custom_padding=&#8220;15px||5px||false|false&#8220; border_width_all=&#8220;1px&#8220; global_colors_info=&#8220;{}&#8220;][et_pb_text _builder_version=&#8220;4.14.9&#8243; _module_preset=&#8220;default&#8220; custom_padding=&#8220;|35px||35px|false|true&#8220; global_colors_info=&#8220;{}&#8220;]<\/p>\n<p style=\"outline: none;\"><strong>Optional erh\u00e4ltst du eine Aufzeichnung der Gespr\u00e4che.<br \/>\nIm Anschluss erh\u00e4ltst du eine schriftliche Zusammenfassung der zentralen Entwicklungen und Impulse aus dem Prozess.<\/strong><\/p>\n<p style=\"text-align: center;\">\n<p>[\/et_pb_text][et_pb_button button_url=&#8220;https:\/\/frauke-kuhlus.de\/index.php\/buchung&#8220; button_text=&#8220;Ein begleiteter Prozess \u00fcber mehrere Wochen, 3 Sitzungen \u00e0 60 Minuten | 380 \u20ac&#8220; button_alignment=&#8220;center&#8220; _builder_version=&#8220;4.14.9&#8243; _module_preset=&#8220;default&#8220; custom_button=&#8220;on&#8220; button_text_size=&#8220;16px&#8220; button_text_color=&#8220;#000000&#8243; button_bg_color=&#8220;RGBA(255,255,255,0)&#8220; button_border_width=&#8220;1.32px&#8220; button_border_radius=&#8220;0px&#8220; button_use_icon=&#8220;off&#8220; custom_margin=&#8220;||10px||false|false&#8220; button_text_color_last_edited=&#8220;off|desktop&#8220; global_colors_info=&#8220;{}&#8220; button_text_color__hover_enabled=&#8220;on|desktop&#8220; button_text_color__hover=&#8220;#FFFFFF&#8220; button_bg_color__hover_enabled=&#8220;on|hover&#8220; button_bg_color__hover=&#8220;#000000&#8243; button_bg_enable_color__hover=&#8220;on&#8220;][\/et_pb_button][\/et_pb_column][\/et_pb_row][\/et_pb_section]<\/p>\n","protected":false},"excerpt":{"rendered":"<p>[et_pb_section fb_built=&#8220;1&#8243; _builder_version=&#8220;3.22&#8243; min_height=&#8220;2010.5px&#8220; custom_margin=&#8220;2px|||||&#8220; global_colors_info=&#8220;{}&#8220;][et_pb_row _builder_version=&#8220;3.25&#8243; background_size=&#8220;initial&#8220; background_position=&#8220;top_left&#8220; background_repeat=&#8220;repeat&#8220; custom_margin=&#8220;1px|auto|-22px|auto||&#8220; global_colors_info=&#8220;{}&#8220;][et_pb_column type=&#8220;4_4&#8243; _builder_version=&#8220;3.25&#8243; custom_padding=&#8220;|||&#8220; global_colors_info=&#8220;{}&#8220; custom_padding__hover=&#8220;|||&#8220;][et_pb_text disabled_on=&#8220;off|off|on&#8220; _builder_version=&#8220;4.14.9&#8243; _module_preset=&#8220;default&#8220; header_font_size=&#8220;40px&#8220; background_color=&#8220;#FFFFFF&#8220; custom_margin=&#8220;-97px||-1px||false|false&#8220; custom_margin_tablet=&#8220;-255px||0px||false|false&#8220; custom_margin_phone=&#8220;-245px||||false|false&#8220; custom_margin_last_edited=&#8220;on|tablet&#8220; custom_padding=&#8220;||50px||false|false&#8220; header_font_size_tablet=&#8220;55px&#8220; header_font_size_phone=&#8220;45px&#8220; header_font_size_last_edited=&#8220;on|tablet&#8220; global_colors_info=&#8220;{}&#8220;] Manche Ver\u00e4nderungen entstehen nicht durch Erkenntnis allein. Sie brauchen Zeit, Erfahrung und bewusste Entscheidung. [\/et_pb_text][et_pb_image src=&#8220;https:\/\/frauke-kuhlus.de\/wp-content\/uploads\/2022\/04\/DSC0850.jpg&#8220; title_text=&#8220;_DSC0850&#8243; _builder_version=&#8220;4.14.9&#8243; _module_preset=&#8220;default&#8220; global_colors_info=&#8220;{}&#8220;][\/et_pb_image][et_pb_text _builder_version=&#8220;4.14.9&#8243; background_size=&#8220;initial&#8220; background_position=&#8220;top_left&#8220; background_repeat=&#8220;repeat&#8220;&hellip;<\/p>\n<a class=\"read-more-link\" href=\" https:\/\/frauke-kuhlus.de\/index.php\/persoenliches-gespraech\/ \">Read More<\/a>","protected":false},"author":1,"featured_media":2484,"parent":0,"menu_order":0,"comment_status":"closed","ping_status":"closed","template":"","meta":{"_acf_changed":false,"_et_pb_use_builder":"on","_et_pb_old_content":"","_et_gb_content_width":"","inline_featured_image":false,"jetpack_post_was_ever_published":false,"footnotes":""},"class_list":["post-1546","page","type-page","status-publish","has-post-thumbnail","hentry"],"acf":[],"jetpack_sharing_enabled":true,"_links":{"self":[{"href":"https:\/\/frauke-kuhlus.de\/index.php\/wp-json\/wp\/v2\/pages\/1546","targetHints":{"allow":["GET"]}}],"collection":[{"href":"https:\/\/frauke-kuhlus.de\/index.php\/wp-json\/wp\/v2\/pages"}],"about":[{"href":"https:\/\/frauke-kuhlus.de\/index.php\/wp-json\/wp\/v2\/types\/page"}],"author":[{"embeddable":true,"href":"https:\/\/frauke-kuhlus.de\/index.php\/wp-json\/wp\/v2\/users\/1"}],"replies":[{"embeddable":true,"href":"https:\/\/frauke-kuhlus.de\/index.php\/wp-json\/wp\/v2\/comments?post=1546"}],"version-history":[{"count":41,"href":"https:\/\/frauke-kuhlus.de\/index.php\/wp-json\/wp\/v2\/pages\/1546\/revisions"}],"predecessor-version":[{"id":2706,"href":"https:\/\/frauke-kuhlus.de\/index.php\/wp-json\/wp\/v2\/pages\/1546\/revisions\/2706"}],"wp:featuredmedia":[{"embeddable":true,"href":"https:\/\/frauke-kuhlus.de\/index.php\/wp-json\/wp\/v2\/media\/2484"}],"wp:attachment":[{"href":"https:\/\/frauke-kuhlus.de\/index.php\/wp-json\/wp\/v2\/media?parent=1546"}],"curies":[{"name":"wp","href":"https:\/\/api.w.org\/{rel}","templated":true}]}}